er when 49 is divided by t(9)?
1
Suppose -h - 10 + 3 = 0. Let g = 220 - 151. Calculate the remainder when g is divided by (-14)/49 - 100/h.
13
Let z = 273 - 225. Calculate the remainder when z is divided by 22.
4
Let j = -1010 - -1876. What is the remainder when j is divided by 31?
29
Calculate the remainder when (-14)/(-2)*71*14/49 is divided by 29.
26
Let z = -197 - -213. Let c(a) = 10*a**2 + 2*a + 1. What is the remainder when z is divided by c(-1)?
7
Let u(i) be the third derivative of -3*i**4/4 - i**3/6 + 3*i**2. What is the remainder when 104 is divided by u(-2)?
34
Let n(d) = -d - d**3 - 1 + 5*d**2 + 4*d**3 - 4*d**3. Suppose -2*l - 12 = -6*l. Calculate the remainder when n(4) is divided by l.
2
Let d(s) be the first derivative of s**4/4 + 20*s**3/3 + 8*s**2 - 28*s + 6. Let o = 153 + -98. What is the remainder when o is divided by d(-19)?
26
Let m = -2 - -9. Let s(d) = -3*d + 37. Let a be s(15). Calculate the remainder when ((-60)/a - -2)*2 is divided by m.
5
Let k = -249 - -368. What is the remainder when 208/34 - 14/k is divided by 1?
0
Let v be (2 - (-6)/(-3))*1/(-2). Suppose v = -8*n + 115 - 3. What is the remainder when 40 is divided by n?
12
What is the remainder when 285 is divided by -1 + 49 - 12/(132/77)?
39
Let n(q) = -q**2 + 8*q + 4. Let r(p) = -12*p**2 + 2*p + 2. Let g be r(-1). Let z = g + 32. Calculate the remainder when z is divided by n(7).
9
Let u(k) = -k**3 + 5*k**2 + 3*k + 7. Calculate the remainder when 32/12*(-279)/(-12) is divided by u(5).
18
Let w(j) = -4*j + 195. Calculate the remainder when 59 is divided by w(46).
4
Suppose h + 42 = q + 2*h, 0 = 2*q + h - 89. Suppose -54 = -2*a - 0*u + 2*u, -2*a + 59 = -u. Let p = q - a. Calculate the remainder when 27 is divided by p.
12
Suppose 5*k - 12 = -37. Let u be (10 - k)*1/3. Suppose -a + 23 + u = 0. What is the remainder when a is divided by 10?
8
Let o = 141 + -52. Suppose -u = 0, u = -0*m - 5*m + 90. What is the remainder when o is divided by m?
17
Let l(a) = -2*a**3 + 2*a**2. Let g be l(2). Let r be ((-2)/6)/((-26)/156). Calculate the remainder when 51 is divided by (g - -20)/(r/3).
15
Let n(t) = 27*t - 242. What is the remainder when 137 is divided by n(9)?
0
Suppose 5*j = -d + 4*d + 679, -2*d = 5*j - 664. Let o = -122 + j. What is the remainder when 82 is divided by o?
10
Let t(h) = -16*h**3 + 2*h**2 - h - 1. Let b be t(1). What is the remainder when 27 is divided by b/((2/(-2))/((-1)/(-2)))?
3
Let u be (-4840)/(-18) + -1 - (-2)/18. Let p = u + -259. Suppose -5*a + 3 = -12. Calculate the remainder when p is divided by a.
0
Let d be 2 - 22/10 - 441/45. What is the remainder when 23 is divided by 6/d - (-504)/40?
11
Suppose 2*n - i - 397 = -n, -i = -4*n + 531. Calculate the remainder when 246 is divided by n.
112
Let q = 9 - -8. Calculate the remainder when 1*18*42/12 is divided by q.
12
Calculate the remainder when 82 is divided by (-174)/116*28/(-3).
12
Let s(t) be the third derivative of -t**4/8 - 19*t**3/6 + 7*t**2. Let l be s(-6). Calculate the remainder when 3*47 - (2 - l) is divided by 35.
33
Suppose 4*f + 0*f + 2*u - 94 = 0, -2*u + 2 = 0. Suppose -m = 2*m + d - 17, 0 = -2*m + 2*d + 6. Calculate the remainder when f is divided by m.
3
Let m(b) = 92*b**2 - 2*b - 2. Let d(q) = 5*q - 16. Calculate the remainder when m(-1) is divided by d(7).
16
Let x(t) = 2*t + 4. Let a be x(-3). Calculate the remainder when ((-123)/a)/(4/8) is divided by 18.
15
Suppose -177 = -2*v - 5*j, -2*v + 4*j = -233 + 29. Calculate the remainder when 374 is divided by v.
86
Let j = 26 - -4. Suppose -148 = -2*x - j. Calculate the remainder when x is divided by 15.
14
Suppose 204 = 5*n + 39. What is the remainder when n is divided by 24?
9
Suppose -26*b - x - 179 = -30*b, 2*x + 226 = 5*b. What is the remainder when 2/(-13) - (-6716)/52 is divided by b?
41
Suppose 99 = 2*t - 5*b, 2*b = 5*t + 4*b - 204. What is the remainder when t is divided by 27?
15
Suppose 609 = -9*j - 138. Let v = j + 95. Let m(h) = -5*h**3 + 2*h - 1. Calculate the remainder when m(-2) is divided by v.
11
Let n = 92 + -69. Let p(x) = -66*x**3 - x**2 - 2*x - 1. What is the remainder when p(-1) is divided by n?
20
Let d(n) = -4*n + 9. Let s be d(4). Suppose 0 = 4*k - 3*k - 4, -z + 5*k - 7 = 0. Calculate the remainder when 63*1 + s/(-7) is divided by z.
12
Suppose 0 = -4*z - 0*z + 20. Suppose z*n - 8*n = 18. What is the remainder when (-63)/n*28/3 is divided by 25?
23
Suppose -5*g + 0*z = 3*z - 35, -5*g = -5*z - 35. Calculate the remainder when 9 is divided by g.
2
Let h = 4 - -3. Suppose 4*d = h + 1. Suppose q + d*q = 4*g + 150, 5*q - 3*g = 261. What is the remainder when q is divided by 14?
12
Let i = -202 + 248. Calculate the remainder when 366 is divided by i.
44
Let h be 6/12*20*4/10. Suppose 11*w = h*w + 259. Calculate the remainder when w is divided by 14.
9
Let i(l) = -l**3 - 6*l**2 + 9*l - 2. Let f be 4/((-3 + (-51)/(-18))*3). Calculate the remainder when i(f) is divided by 12.
6
Let c(f) = 2*f - 4. Let b be c(12). Let n = b + 9. Calculate the remainder when 144 is divided by n.
28
Let i(s) = s**3 - 5*s**2 + 3*s - 2. Let x be i(4). What is the remainder when (x/18 + 1)/((-4)/(-222)) is divided by 4?
1
Suppose 0 = 2*n - 4*s - 154, -5*n - 5*s + 35 + 395 = 0. Suppose -2*u - 15 = -n. What is the remainder when u is divided by 7?
6
Let s(u) = 2*u**2 - 12*u - 15. Calculate the remainder when 84 is divided by s(8).
16
Suppose 774 = 11*v - 5*v. What is the remainder when v is divided by 45?
39
Let m = -578 + 587. Let k = -1 + 1. Suppose 2*c - 4*c + 34 = k. Calculate the remainder when c is divided by m.
8
Suppose -4*k = 0, -32 = g + 3*g + 3*k. Let m be (-2)/g - 3/12. Calculate the remainder when 60/(3 - -1) - m is divided by 6.
3
Let v = -25187 - -25360. Suppose -5*f + 8 = -72. What is the remainder when v is divided by f?
13
Let h(k) = -k**3 - 21*k**2 - 20*k + 3. Let q be h(-20). Suppose -q*d - 2*z = -186, -d + 114 = d - 2*z. Calculate the remainder when d is divided by 20.
0
Let l(m) = -m**3 - 10*m**2 - 20*m + 2. What is the remainder when l(-11) is divided by 89?
76
Suppose 2 = 2*o - 8. Suppose 3*j - 61 = -o*c - 1, -c + 4*j = -35. What is the remainder when 43 is divided by c?
13
Let r(u) = -31*u**3 - u**2 + 2*u + 3. Let w be r(-1). Let q = 41 - w. Calculate the remainder when q is divided by 6.
4
Let n = 268 - 121. Calculate the remainder when n is divided by (-5 + 14/4)*(-296)/12.
36
Suppose -5*n - 3*j = -445, 2*n - 4*j + 73 - 251 = 0. Calculate the remainder when n is divided by 45.
44
Let v be 35 + 3*(-4)/(-12). Let y = v - 14. What is the remainder when 63 is divided by y?
19
Let u = 124 - 109. Calculate the remainder when u is divided by (-69)/(-7) - 15/(-105).
5
Suppose 3*x - 270 = -87*x. Calculate the remainder when 112 is divided by x.
1
Calculate the remainder when 41 is divided by -1 + 24 + 1 + 53 + -52.
16
Let x(n) = 2*n**3 - 16*n**2 - 13*n - 33. Calculate the remainder when 42 is divided by x(9).
6
Suppose 0 = -5*o + 5*x + 684 + 601, 0 = -3*o + 2*x + 769. Calculate the remainder when o is divided by 20.
15
Let l = -18 - -20. Suppose -4*a + 161 - 29 = 0. What is the remainder when a is divided by l*-9*1/(-2)?
6
Let r = -54 + -67. Let d = -48 - r. Suppose 3*y + 13 = d. What is the remainder when 77 is divided by y?
17
Suppose 0*x + x - 11 = 0. Let b = -11 + 18. Calculate the remainder when x is divided by b/42 - (-34)/12.
2
Let w(u) be the second derivative of -2*u**3/3 - 3*u**2 + 4*u. What is the remainder when (-1)/(-1) - (-1 - (3 + 65)) is divided by w(-6)?
16
Suppose r + 8 = -4*g, -r + 2*g - 6 = 4*g. Let l(d) = -7*d - 5. What is the remainder when l(r) is divided by 12?
11
Let v be (-8)/(-20) - -1*636/10. Let y = v + -46. Calculate the remainder when 51 is divided by y.
15
Suppose 23 = -2*r + 4*f + 689, -4*f - 1316 = -4*r. Suppose 2*a - 15*a = -r. What is the remainder when 73 is divided by a?
23
Suppose 9*t - t = 320. What is the remainder when t is divided by 23?
17
Suppose 228 = 5*q + 2*z, q - 40 = -0*q + z. Suppose 0 = -4*b + 4*x - q, -b = 4*x - 11 - 3. What is the remainder when (b/4)/((-3)/34) is divided by 6?
5
Let v = -32 - -56. Suppose 0 = -4*m - 23 + 159. Suppose 0 = t - 6*k + k - m, -4*t + 3*k = -51. Calculate the remainder when v is divided by t.
6
Suppose j + 160 = 9*j. Let k be 370/6 - (